 (-618)/(-30)*(-275)/(-5)?
3
Suppose -x = 4*i + 18, 0 = -0*x - 5*x - 2*i. What is the hundreds digit of (4/11)/x - 235060/(-1265)?
1
Suppose 0 = -4*n - n - 10. Let a be 1890/(-110) + 1 + 4/22. What is the tens digit of (n/2 + 0)*a?
1
Suppose 0 = -4*v - 15*v + 684. What is the units digit of v?
6
Suppose 5*z + 0*h - 2*h - 385 = 0, 3*z - h - 231 = 0. Let g = -35 + z. What is the tens digit of g?
4
What is the units digit of 1/((-20)/(-56)*(-2)/(-5))?
7
Suppose 0*i = 3*i - 9. Suppose -i*q + 0*q = 9, 0 = a + q + 5. Let m = 10 + a. What is the units digit of m?
8
Let c be (-69840)/(-27)*(-6)/(-5). What is the units digit of 4/10 + c/40?
8
What is the tens digit of (1 + 26/6)*(-882)/(-56)?
8
Let y = 1182 - 482. What is the tens digit of y?
0
Let m(d) be the third derivative of -11*d**2 + 0*d + 0 + 1/30*d**5 + 1/24*d**4 - 1/3*d**3. What is the units digit of m(3)?
9
Let u(n) = -n**3 + 8*n**2 - 4*n + 4. Let v be u(7). Suppose -89 = -4*p - v. What is the units digit of p?
6
Suppose -y - 3*w + 1108 = 0, y - 10*w = -12*w + 1103. What is the hundreds digit of y?
0
Let m = -474 + 1583. What is the tens digit of m?
0
Let q = 75 - 43. Suppose -4 + 22 = y + 5*i, -q = -5*y + 4*i. Suppose -4*l + y = -36. What is the units digit of l?
1
Let i be (27/4)/(-3)*4. Let v(g) be the first derivative of g**4/4 + 10*g**3/3 + 2*g**2 + 13*g - 294. What is the units digit of v(i)?
8
Let a(d) = -4*d + 24. Suppose 2*h + 34 = l, -6*l + 2*l = -2*h - 40. What is the units digit of a(h)?
8
Let v(a) = -3*a - 8. Let j be v(-5). Let x(u) = 6*u**2 - 6*u + 8. Let d be x(j). Suppose 3*y + 2*y = d. What is the units digit of y?
2
Suppose 3*c - 36 = -s, -4*c - 3*s + 48 = 2*s. Let u = -4 + c. Suppose -2*t + 0*t = -u. What is the units digit of t?
4
Suppose 0 = -2*u - 10*u + 32724. What is the tens digit of u?
2
What is the units digit of 171/36 + -5 + 706/8?
8
Suppose 3*j - 2*n = -7*n - 118, 2*j + 74 = -n. Let v = 116 + j. What is the tens digit of v?
8
Suppose -k - 2*a + 10 = -42, 5*k - 3*a = 221. Suppose 4*d = k + 182. Suppose 2*x - 5*r = d, -r - 42 = -4*x + 27. What is the tens digit of x?
1
Let h(t) = t**3 + 13*t**2 + 5*t - 1. Let m(l) = -l**3 - 14*l**2 - 5*l + 2. Let x(g) = 6*h(g) + 5*m(g). What is the tens digit of x(-7)?
1
What is the hundreds digit of (12 + -4 + -7)/(2/552)?
2
Suppose 5*y + 25 = 0, 4*y - 191 = 2*v - 637. What is the hundreds digit of v?
2
Let k = 526 + -156. What is the tens digit of k?
7
What is the hundreds digit of (-6)/8 - 102790/(-40)?
5
Suppose 3*k - 25 = -2*k. Let w be -6*(-7)/(-504) + 277/12. Suppose 63 = 4*b + k*g, -g + w = 2*b - 10. What is the units digit of b?
7
Suppose 5*j = -5*m + 10, -4*m + 2*m - 4*j + 4 = 0. Suppose 4*d - 440 = -3*g + 172, 772 = 5*d + m*g. What is the tens digit of d?
5
Let l(z) = -4*z + 2. Let q be l(0). Suppose -q*d + 7*d = 1110. What is the tens digit of d?
2
Suppose 4*v - 10 = -30, -3*h + 105 = -3*v. What is the tens digit of h?
3
Suppose 417 = 5*l - 1238. Suppose 4*w - 41 = l. What is the units digit of w?
3
Let l be 3/2*3 - (-2)/4. Suppose 100 = l*m - 0*m. What is the units digit of m?
0
Let p(g) = -g**3 - 8*g**2 + 14*g - 41. What is the tens digit of p(-12)?
6
Let s(z) = z**3 - 18*z**2 + 15*z + 1. Let c(t) = 1 + 0 + 2*t**3 + 12*t + 18*t - 19*t**2 - 18*t**2. Let r(m) = 6*c(m) - 13*s(m). What is the tens digit of r(10)?
4
Let g be 79*-3*(19 + -17). What is the tens digit of ((-16)/(-24))/((-2)/g)?
5
Suppose 63 - 330 = 3*a. Let k = a + 156. Suppose -3*z + 189 = 3*m, m - 2*m - 2*z = -k. What is the units digit of m?
9
Let p be ((-3)/(18/(-2)))/((-3)/27). What is the tens digit of (p + -127)/(2*-1)?
6
Let t(p) = p**3 - 6*p**2 - 11*p + 11. Let j be t(8). Suppose -2*z + 3*z = j. What is the units digit of z?
1
Let i(m) = -m**3 - 13*m**2 - 11*m + 17. Let r be i(-12). Suppose w + w = 8, -4*w - 94 = r*t. What is the tens digit of (-8)/44 + (-576)/t?
2
Let u = 2329 - 438. What is the hundreds digit of u?
8
Suppose 14 = 5*l + 4. Let f(d) = d**3 + 4*d**2 - 6*d + 3. What is the units digit of f(l)?
5
Let m = -20 + 31. Let h be (5/(-2))/(7/(-14)). Suppose 11 = -2*n + h*j, 0 = -2*n - n + 2*j + m. What is the units digit of n?
7
Suppose 2*g = -3*f + 4, 4*g = 4*f + 15 + 13. Let t(l) = -8*l - 1. What is the tens digit of t(f)?
1
Let f(n) = 3*n**2 + n + 1. Let u be f(-3). Suppose -5*q + u = 0, 0 = -3*r + q - 4*q + 120. What is the tens digit of r?
3
Let t = 1748 + -1219. What is the tens digit of t?
2
Let y(v) = 4*v + 32. Let o be y(-8). Suppose -20*c + 14*c + 168 = o. What is the tens digit of c?
2
Let m(b) = -64 + 62 - 59 - 26*b. What is the units digit of m(-14)?
3
Suppose 2*j - 6 - 12 = 0. Let p be 0 + 2 + (j - 7). What is the units digit of (1 + p)*160/25?
2
Suppose -2*d = 5*n - 3786, 2*n + d = 5*n - 2265. Suppose 4*t + 256 - n = 0. What is the hundreds digit of t?
1
Suppose -c = 2*s - 3572, 25*s - 29*s = -5*c - 7130. What is the tens digit of s?
8
Suppose 299 = 4*l - 557. Suppose 6*y - l - 50 = 0. What is the units digit of y?
4
Let a(i) = i**2 + 2*i - 17. Let u be a(4). Suppose -u*f + 8*f = 313. What is the units digit of f?
3
Suppose -5*z - 6*g + 26715 = -7*g, -15 = -3*g. What is the tens digit of z?
4
What is the hundreds digit of ((-3)/9)/((-10)/9780)?
3
Suppose -b - 6*j - 609 = -5*j, -4*b = 5*j + 2440. What is the tens digit of (-2)/(-6) + (-1 - b/3)?
0
Let w be 2/(-7) - 936/(-42). Suppose a = -a + w. Suppose -2*h + 5*g = -41, 15 + a = 2*h - 2*g. What is the units digit of h?
8
Let f be (1 + 3/(-9))*-9. Let k = -1 - f. Suppose m + 2*o = k*o + 46, 5*o = m - 48. What is the tens digit of m?
4
Suppose 76*o - 21*o - 15895 = 0. What is the tens digit of o?
8
Let i = 259 - 124. Let d be (-9)/5*20/(-6). Suppose -i = k - d*k. What is the tens digit of k?
2
Let f(n) = -37*n + 40. Let t be f(-14). Let c = t + -388. What is the tens digit of c?
7
Suppose -5*w = -t + 39, -t - w = 3*w - 3. Suppose -5*v + t = f - 18, -v = -f + 37. Let x = f - 6. What is the tens digit of x?
3
Let r(v) = -16*v. Let w be r(2). Let h = w - -16. What is the units digit of (h + 10)/(1 - 3)?
3
Let l = 47 - 47. Suppose 0 = y - 2*p - 73, l = 3*y + 5*p - 136 - 61. What is the units digit of y?
9
Let d(c) = -6*c + 11. Let j be d(11). Let l = j - -60. What is the units digit of l?
5
Let o(b) = -b**3 - 9*b**2 - 8*b + 4. Let n be o(-8). Suppose -3*y + 18 + 36 = 2*h, -114 = -n*h - 3*y. Suppose -h = 3*k - 162. What is the tens digit of k?
4
Let r(m) = 102*m. Let c be r(1). Let b = -37 + c. What is the units digit of b?
5
Suppose 3*o - 858 = -24*m + 23*m, 4*m - 3*o = 3357. What is the units digit of m?
3
Suppose 2*x - 2*x = -2*x. Suppose 2*r = -0*q - 4*q + 236, 2*r - 2*q - 218 = x. What is the units digit of r?
2
What is the tens digit of ((-1)/4)/((-8)/38176)*1?
9
Suppose 4*g + 3*y - 456 = -y, 0 = 3*g - y - 334. Suppose d + 3*f = 8, -2*f - g = -5*d + f. What is the units digit of d?
0
Suppose -8*q - 42*q + 47050 = 0. What is the tens digit of q?
4
Let t = 33 + -152. Let l be 442/t + 2/(-7). What is the units digit of ((-48)/(-28))/(l/(-14))?
6
Let p = 18 - 8. Let o be ((-8)/10)/(p/200). What is the units digit of (6/4)/((-3)/o)?
8
Let r be 1/4 - 15/12. What is the units digit of 11 - (1 - r)*-2?
5
Let v(b) be the third derivative of -b**6/120 - 11*b**5/60 + 7*b**4/24 + 11*b**3/6 - b**2. Let o be (2 + 2)/((-29)/87). What is the tens digit of v(o)?
7
Let o(a) = 6*a**2 + 2*a + 10*a**3 + 4 - a**2 + 2*a - 9*a**3. Let j be o(-4). Suppose 5*p - 8*i - 215 = -3*i, -j*p = 3*i - 179. What is the tens digit of p?
4
Let v = -1434 + 2029. What is the tens digit of v?
9
Let o = 30 - 25. Let m = -36 + 40. Suppose -2*w + 3*w - 18 = -2*u, m*w = -o*u + 63. What is the units digit of w?
2
Suppose 5*o - 4*f - 17029 = 0, 5*o - 3*f = 4*o + 3408. What is the tens digit of o?
0
Let c = 52 - 44. What is the hundreds digit of ((-1)/(-2))/(c/1600)?
1
Suppose 44*r = 57*r - 18746. What is the units digit of r?
2
Suppose 5 = -3*d + 2*d. Let t = d + 2. What is the units digit of 57/3*(t - -4)?
9
Let y(h) be the first derivative of -4 - 1/3*h**3 + 15/2*h**2 - 6*h. What is the tens digit of y(6)?
4
Let w be 3*(-4)/66 - 1586/(-11). Let y = w + -46. What is the units digit of y?
8
Suppose 0 = -k + 4*k + 2*m + 25, -2*m = -k - 11. Let d = 23 - 35. What is the tens digit of k/d - 426/(-8)?
5
Suppose 4*z - 474 + 